4)/18. Suppose t*r - 34 = 101. What are the prime factors of r?
3, 5
Let i be 3380/3 - (-1)/3. Suppose -2*z = -i + 29. What are the prime factors of z?
3, 61
Let w(g) = 17*g**3 + 4*g**2 - 5*g + 2. Let o(f) = f**2 - 14*f + 51. Let y be o(7). List the prime factors of w(y).
2, 3
Suppose -17*p - 14 = 3. Let u be (50 + 0 + p)*8/1. Suppose 32*d + u = 36*d. List the prime factors of d.
2, 7
Suppose 67*o - 680559 - 1008787 = -7*o. List the prime factors of o.
37, 617
Suppose -4*i + 372 = a, 2*a = -a - 4*i + 1092. Suppose 8*x - 952 = a. List the prime factors of x.
2, 41
Let z(m) = 3*m**3 + 40*m**2 - 2*m - 17. Let q be z(-17). List the prime factors of q/(-136)*(-224)/(-3).
2, 7, 31
Let o(s) = 864*s - 793. What are the prime factors of o(14)?
89, 127
Let b(c) = c**2 + 2*c - 5. Let k be b(-4). Suppose -k*h = p - 366 - 230, -4*h = 4*p - 808. Let q = h + -108. What are the prime factors of q?
89
Let u(v) = -80*v + 368. Let q be u(9). Let k = 77 - q. List the prime factors of k.
3, 11, 13
Suppose 4945*o = 4950*o - 7365. What are the prime factors of o?
3, 491
Let w(k) be the second derivative of 5*k**4/4 - 8*k**3/3 - 55*k**2/2 - 9*k - 4. What are the prime factors of w(-8)?
1033
Suppose 296680 - 1166877 - 848971 = -121*j. What are the prime factors of j?
2, 3, 37
Let f(q) = 20*q**2 - 25*q + 1853. What are the prime factors of f(32)?
61, 353
Let m(z) be the first derivative of z**4/4 + 7*z**3 + 17*z**2/2 + 25*z - 99. What are the prime factors of m(-18)?
691
Let a(v) = -3192*v + 122. What are the prime factors of a(-2)?
2, 3253
Let q(i) = -i**2 + 21*i + 1. Suppose 2*p + 0*x - 5*x = 22, 5*x = -5*p + 90. Let j be q(p). Suppose 3*y + j = 423. List the prime factors of y.
2, 3, 19
Suppose 0 = -x + 9 - 4. Suppose 18 = -x*m + 7*m. Suppose 10*s - m*s = 32. What are the prime factors of s?
2
What are the prime factors of (138 - -1980)/(-2 - (-111)/54)?
2, 3, 353
Let g(c) = 368*c**3 - 2*c**2 - 8*c + 9. Let d be 4 - ((-4)/6*3 - -5). List the prime factors of g(d).
367
Suppose -24*z - 6008 + 24608 = 0. What are the prime factors of z?
5, 31
List the prime factors of 9 + 0 - (52972 + 11)/(-3).
2, 3, 5, 19, 31
Let h = 50 - 36. Let g(f) = 17 + 14 + 3*f - 12 + 4. List the prime factors of g(h).
5, 13
Suppose -4*l = 2*x - 4, x + 2*l + 7 = 3*l. Let f(p) = 20*p**2 - 5*p. Let k be f(x). Suppose k - 34 = 17*m. List the prime factors of m.
2, 3
Suppose 4*p - 7*p - 4*v = -10632, -2*p - 2*v = -7086. What are the prime factors of p?
2, 3, 5, 59
Suppose -2*z - 3*n + 10234 = -12952, 0 = z - 2*n - 11586. What are the prime factors of z?
2, 5, 19, 61
Let h = -1931 - -6494. Suppose -h = -14*w - 657. List the prime factors of w.
3, 31
Let s = 18 + -16. Let q = 80 + -76. Suppose 136 = q*y - s*y. List the prime factors of y.
2, 17
List the prime factors of 0 + ((-28767)/(-8) - (-84)/672).
2, 29, 31
What are the prime factors of (8/((-48)/(-114762)) - -2) + 5?
2, 3, 1063
Let i = -357 - -353. List the prime factors of 56729/188 + 3/i.
7, 43
Let b = 30850 + -1316. What are the prime factors of b?
2, 14767
Let v(f) = 1725*f - 1406. List the prime factors of v(14).
2, 2843
Let b(t) = 4810*t**2 - 25*t - 3. What are the prime factors of b(-2)?
3, 2143
Let f(q) = 126*q**2 - 266*q - 28. What are the prime factors of f(12)?
2, 7, 13, 41
Suppose -57 = 2*i - 7. Let r be (-15)/6*30/i. Suppose 3 = -r*y + 9. What are the prime factors of y?
2
What are the prime factors of (10/15)/(9*2/1130706)?
2, 20939
Let r be (1 - 2)*-3 - (3 + -4964). Let k = r - 7952. What are the prime factors of k/(-10) + 1/5?
13, 23
Suppose -5*w + i = -38593, -10*i + 7*i = -6. What are the prime factors of w?
3, 31, 83
Suppose 0 = -3*m + 3*n + 18, 2*n - n = 2*m - 11. Let f(c) = 8*c**2 + 4*c + 12. Let x be f(m). Suppose x = 5*y - 118. What are the prime factors of y?
2, 5, 7
Let p(b) be the third derivative of -6*b**3 + 2 + 3*b**2 - 35/24*b**4 + 0*b. What are the prime factors of p(-8)?
2, 61
Let j = -36645 + 61644. List the prime factors of j.
3, 13, 641
Suppose 0 = 11*p - 6*p + 2*n + 164, -5*p - n = 162. Let q be (-1 + -12)/((-4)/(-4)). Let c = q - p. List the prime factors of c.
19
Suppose 5*r - 45 = -5*p, 27 = 3*p + 7*r - 8*r. Suppose -p*o + 733 + 2021 = 0. What are the prime factors of o?
2, 3, 17
Suppose -3*i + 1107 = 2*w - 2*i, -2*w - 5*i = -1095. Let o = w + 517. What are the prime factors of o?
2, 67
Suppose 2*p - 42 = -2*i, 4*p = -i + 15 - 3. Suppose 0 = -i*j + 19*j + 75. Suppose d - j = 15. What are the prime factors of d?
2, 3, 5
Suppose -10580 = -2*a + 105*d - 110*d, -2*d = 4. What are the prime factors of a?
3, 5, 353
Let p = 30 + -27. Suppose -1395 - 711 = -5*b - k, -3*k = -p. Suppose b = 7*h - 1119. What are the prime factors of h?
2, 5, 11
Let o = -3875 - -8791. List the prime factors of o.
2, 1229
Let w(z) = 25*z**2 + 9*z + 13. Let i(f) = 50*f**2 + 17*f + 28. Let h(u) = -4*i(u) + 9*w(u). What are the prime factors of h(4)?
457
Suppose 386373 = 54*x + 122151. List the prime factors of x.
3, 7, 233
Suppose 33 = 3*u + q - 0*q, 0 = u + 2*q - 6. Suppose -5*z + 13 = -3*t, 4*t = 4*z - 17 + 5. List the prime factors of z - 8/u*-3.
2
Let r be (12/(-10))/(3/(-560)). Suppose 0 = 5*o - i + 628, 7*o + 4*i - 370 = 10*o. Let z = o + r. What are the prime factors of z?
2, 7
Let c(k) = -19*k - 11. Let u be c(-9). Suppose 0 = r + 3*r + u. What are the prime factors of -5 - -3 - 1 - (r + 0)?
37
Suppose 10*s + 320 = 14*s. Let n = s + 0. Let h = n + 67. What are the prime factors of h?
3, 7
Let o = -11517 - -25832. List the prime factors of o.
5, 7, 409
Let y(l) = -3*l**2 + 8*l + 3. Let o be y(3). Suppose o = 6*w - 2047 - 1337. What are the prime factors of w?
2, 3, 47
Let f = 155 - 149. Let g(l) = 40*l - 51. List the prime factors of g(f).
3, 7
Let k(c) = 904*c**3 + 4*c**2 - 5*c + 8. List the prime factors of k(2).
2, 3623
Suppose 685 + 197 = 18*r. Suppose -47*q + r*q = 296. List the prime factors of q.
2, 37
Let r(k) = 2*k**3 - 15*k**2 - 5*k - 5. Let l be r(8). Suppose -27*d + 32 = -l*d. Suppose d*j = 10*j - 870. What are the prime factors of j?
5, 29
Let p(w) = -w**3 - 24*w**2 + 25*w + 3. Let y be p(-25). Suppose 2*v + 3364 = y*a, 1093 = a - 6*v + 11*v. What are the prime factors of a?
2, 13, 43
Let u = 6 - 6. Suppose -g - 4*g - 220 = u. Let n = g - -47. What are the prime factors of n?
3
Let c be (-248 + 2)/(24/16). Let q = 430 - c. List the prime factors of q.
2, 3, 11
Let s(m) = -18*m**2 + 79*m + 3. Let o(f) = -9*f**2 + 39*f + 1. Let g(p) = 13*o(p) - 6*s(p). Let v be g(4). Let h = 29 - v. What are the prime factors of h?
2, 23
Suppose 0 = -y - 0*x + 4*x + 488, 948 = 2*y - x. Suppose 21*o - 13*o = y. What are the prime factors of o?
59
Let w = 79 + -77. Suppose -y = w*y + 3. List the prime factors of (((-360)/14)/2)/(y/7).
2, 3, 5
Let d = 42927 - 4886. What are the prime factors of d?
109, 349
Let l(i) = 9*i - 61. Let m(n) = -36*n - 196. Let u be m(-6). What are the prime factors of l(u)?
7, 17
Let y = -1 + 5. Suppose 20 = y*z + z. What are the prime factors of (z + 3)/(1/6)?
2, 3, 7
Let r(u) = -2*u**3 + 3*u**2 + 5*u - 84. Let d be r(6). Let l = d - -659. List the prime factors of l.
281
Let s(w) = w**3 - 20*w**2 + 19*w + 4. Let l be s(19). Suppose -4*x - 3*i = -661, 0 = -0*x + 5*x + l*i - 826. List the prime factors of x.
2, 83
List the prime factors of 21 + -12 + -1 - -1017.
5, 41
Let t(q) = 5*q + 5*q - 3 - 2*q - 4*q. Let f be (-4 + 0)*15/(-4). What are the prime factors of t(f)?
3, 19
Let a be 13 + -16 + 157*1. Suppose -f + 2*b = -4*f + a, 0 = -5*f - 2*b + 262. Suppose -2*q - 10 = -7*q, -5*q - f = -z. What are the prime factors of z?
2
Let y(v) = -4*v**2 + 14*v**2 - 28 - 8*v**2 + 9*v. What are the prime factors of y(19)?
5, 173
Let x be 4 - (145 + -4 + -1). Let n be 8690/(-55)*(-3)/2. Let p = x + n. List the prime factors of p.
101
Suppose 10743 + 104617 = 20*j. What are the prime factors of j?
2, 7, 103
Let j(h) = h**3 + 27*h**2 - 7*h + 19. Let y be j(-27). Let r = -157 + y. What are the prime factors of r?
3, 17
Let u be 24/16 - 14/(-4). Let v(a) be the third derivative of a**6/120 - a**5/60 - a**4/3 + a**3/3 + 48*a**2. List the prime factors of v(u).
2, 31
Suppose 4*m - 236 = -2*j, -2*j + 5*m = -281 + 36. Suppose -176 = -4*r + j. List the prime factors of r.
2, 37
Let k(d) be the second derivative of -7*d**3/3 - 5*d*